{"id":13,"date":"2025-08-28T12:20:38","date_gmt":"2025-08-28T12:20:38","guid":{"rendered":"https:\/\/fsv-ottenbach.ch\/wordpress\/?page_id=13"},"modified":"2026-01-07T18:39:30","modified_gmt":"2026-01-07T18:39:30","slug":"bundesprogramme","status":"publish","type":"page","link":"https:\/\/fsv-ottenbach.ch\/wordpress\/index.php\/bundesprogramme\/","title":{"rendered":"Bundesprogramme"},"content":{"rendered":"\t\t<div data-elementor-type=\"wp-page\" data-elementor-id=\"13\" class=\"elementor elementor-13\">\n\t\t\t\t<div class=\"elementor-element elementor-element-e872322 e-flex e-con-boxed e-con e-parent\" data-id=\"e872322\" data-element_type=\"container\">\n\t\t\t\t\t<div class=\"e-con-inner\">\n\t\t\t\t<div class=\"elementor-element elementor-element-9471dfe elementor-widget elementor-widget-heading\" data-id=\"9471dfe\" data-element_type=\"widget\" data-widget_type=\"heading.default\">\n\t\t\t\t<div class=\"elementor-widget-container\">\n\t\t\t\t\t<h2 class=\"elementor-heading-title elementor-size-default\">Obligatorisches<\/h2>\t\t\t\t<\/div>\n\t\t\t\t<\/div>\n\t\t\t\t\t<\/div>\n\t\t\t\t<\/div>\n\t\t<div class=\"elementor-element elementor-element-a60f9cf e-flex e-con-boxed e-con e-parent\" data-id=\"a60f9cf\" data-element_type=\"container\">\n\t\t\t\t\t<div class=\"e-con-inner\">\n\t\t\t\t<div class=\"elementor-element elementor-element-bfef2dd elementor-widget elementor-widget-text-editor\" data-id=\"bfef2dd\" data-element_type=\"widget\" data-widget_type=\"text-editor.default\">\n\t\t\t\t<div class=\"elementor-widget-container\">\n\t\t\t\t\t\t\t\t\t<p>Die Obligatorischen Schiessen finden bei uns in diesem Jahr am 9.06.2026 und am 26.08.2026 von 18:00 bis 20:00 Uhr statt.<\/p>\n<p>Wer gerne davor ein Schiesstraining machen m\u00f6chte, ist herzlich w\u00e4hrend unseren Trainings willkommen.<\/p>\n<p>Ausgebildete Sch\u00fctzenmeister stehen gerne zur jeweiligen Betreuung zur Verf\u00fcgung &#8211; beim Obli wie auch beim Training davor.<\/p>\n<p>Dienstpflichtige m\u00fcssen mitbringen:<\/p>\n<ul>\n<li>Aufgebot<\/li>\n<li>Identit\u00e4tskarte oder Pass<\/li>\n<li>Schiessb\u00fcchlein\/Leistungsausweis<\/li>\n<li>pers\u00f6nliches Sturmgewehr<\/li>\n<\/ul>\t\t\t\t\t\t\t\t<\/div>\n\t\t\t\t<\/div>\n\t\t\t\t\t<\/div>\n\t\t\t\t<\/div>\n\t\t<div class=\"elementor-element elementor-element-04f736e e-flex e-con-boxed e-con e-parent\" data-id=\"04f736e\" data-element_type=\"container\">\n\t\t\t\t\t<div class=\"e-con-inner\">\n\t\t\t\t<div class=\"elementor-element elementor-element-3d90bf7 elementor-widget elementor-widget-heading\" data-id=\"3d90bf7\" data-element_type=\"widget\" data-widget_type=\"heading.default\">\n\t\t\t\t<div class=\"elementor-widget-container\">\n\t\t\t\t\t<h2 class=\"elementor-heading-title elementor-size-default\">Eidg. Feldschiessen<\/h2>\t\t\t\t<\/div>\n\t\t\t\t<\/div>\n\t\t\t\t\t<\/div>\n\t\t\t\t<\/div>\n\t\t<div class=\"elementor-element elementor-element-be8ca2e e-flex e-con-boxed e-con e-parent\" data-id=\"be8ca2e\" data-element_type=\"container\">\n\t\t\t\t\t<div class=\"e-con-inner\">\n\t\t<div class=\"elementor-element elementor-element-64b0a5c e-con-full e-flex e-con e-child\" data-id=\"64b0a5c\" data-element_type=\"container\">\n\t\t\t\t<div class=\"elementor-element elementor-element-5904a26 elementor-widget elementor-widget-text-editor\" data-id=\"5904a26\" data-element_type=\"widget\" data-widget_type=\"text-editor.default\">\n\t\t\t\t<div class=\"elementor-widget-container\">\n\t\t\t\t\t\t\t\t\t<p>Im Mai 2026 findet das Eidg. Feldschiessen statt. In diesem Jahr beim Sch\u00fctzenhaus in Ottenbach. Die Teilnahme ist f\u00fcr jeden Schweizer kostenlos. Ausl\u00e4nder ben\u00f6tigen eine separate Bewilligung des Kantons Z\u00fcrich<br \/>Jeder Teilnehmer erh\u00e4lt eine gratis Wurst \ud83d\ude42<br \/>15. Mai Vorschiessen von 17:30 bis 20:00 Uhr<br \/>Hauptschiessen<br \/>29. Mai von 17:30 bis 20:00 Uhr<br \/>30. Mai von 09:00 bis 12:00 Uhr<br \/>31. Mai von 09:00 bis 12:00 Uhr<\/p>\t\t\t\t\t\t\t\t<\/div>\n\t\t\t\t<\/div>\n\t\t\t\t<\/div>\n\t\t<div class=\"elementor-element elementor-element-8ab1e8a e-con-full e-flex e-con e-child\" data-id=\"8ab1e8a\" data-element_type=\"container\">\n\t\t<div class=\"elementor-element elementor-element-75396f3 e-con-full e-flex e-con e-child\" data-id=\"75396f3\" data-element_type=\"container\">\n\t\t\t\t<\/div>\n\t\t<div class=\"elementor-element elementor-element-192151c e-con-full e-flex e-con e-child\" data-id=\"192151c\" data-element_type=\"container\">\n\t\t\t\t<div class=\"elementor-element elementor-element-b4598f8 elementor-widget elementor-widget-image\" data-id=\"b4598f8\" data-element_type=\"widget\" data-widget_type=\"image.default\">\n\t\t\t\t<div class=\"elementor-widget-container\">\n\t\t\t\t\t\t\t\t\t\t\t\t\t\t\t<img decoding=\"async\" width=\"150\" height=\"150\" src=\"https:\/\/fsv-ottenbach.ch\/wordpress\/wp-content\/uploads\/2025\/05\/1000108100-150x150.jpg\" class=\"attachment-thumbnail size-thumbnail wp-image-109\" alt=\"\" srcset=\"https:\/\/fsv-ottenbach.ch\/wordpress\/wp-content\/uploads\/2025\/05\/1000108100-150x150.jpg 150w, https:\/\/fsv-ottenbach.ch\/wordpress\/wp-content\/uploads\/2025\/05\/1000108100-600x600.jpg 600w\" sizes=\"(max-width: 150px) 100vw, 150px\" \/>\t\t\t\t\t\t\t\t\t\t\t\t\t\t\t<\/div>\n\t\t\t\t<\/div>\n\t\t\t\t<\/div>\n\t\t\t\t<\/div>\n\t\t\t\t\t<\/div>\n\t\t\t\t<\/div>\n\t\t\t\t<\/div>\n\t\t","protected":false},"excerpt":{"rendered":"<p>Obligatorisches Die Obligatorischen Schiessen finden bei uns in diesem Jahr am 9.06.2026 und am 26.08.2026 von 18:00 bis 20:00 Uhr statt. Wer gerne davor ein&#8230;<\/p>\n<div class=\"more-link-wrapper\"><a class=\"more-link\" href=\"https:\/\/fsv-ottenbach.ch\/wordpress\/index.php\/bundesprogramme\/\">Continue reading<span class=\"screen-reader-text\">Bundesprogramme<\/span><\/a><\/div>\n","protected":false},"author":2,"featured_media":0,"parent":0,"menu_order":0,"comment_status":"closed","ping_status":"closed","template":"","meta":{"footnotes":""},"class_list":["post-13","page","type-page","status-publish","hentry","entry"],"yoast_head":"<!-- This site is optimized with the Yoast SEO plugin v25.8 - https:\/\/yoast.com\/wordpress\/plugins\/seo\/ -->\n<title>Bundesprogramme - Feldsch\u00fctzenverein Ottenbach<\/title>\n<meta name=\"robots\" content=\"index, follow, max-snippet:-1, max-image-preview:large, max-video-preview:-1\" \/>\n<link rel=\"canonical\" href=\"https:\/\/fsv-ottenbach.ch\/wordpress\/index.php\/bundesprogramme\/\" \/>\n<meta property=\"og:locale\" content=\"de_DE\" \/>\n<meta property=\"og:type\" content=\"article\" \/>\n<meta property=\"og:title\" content=\"Bundesprogramme - Feldsch\u00fctzenverein Ottenbach\" \/>\n<meta property=\"og:description\" content=\"Obligatorisches Die Obligatorischen Schiessen finden bei uns in diesem Jahr am 9.06.2026 und am 26.08.2026 von 18:00 bis 20:00 Uhr statt. Wer gerne davor ein&#8230;\" \/>\n<meta property=\"og:url\" content=\"https:\/\/fsv-ottenbach.ch\/wordpress\/index.php\/bundesprogramme\/\" \/>\n<meta property=\"og:site_name\" content=\"Feldsch\u00fctzenverein Ottenbach\" \/>\n<meta property=\"article:modified_time\" content=\"2026-01-07T18:39:30+00:00\" \/>\n<meta property=\"og:image\" content=\"https:\/\/fsv-ottenbach.ch\/wordpress\/wp-content\/uploads\/2025\/05\/1000108100.jpg\" \/>\n\t<meta property=\"og:image:width\" content=\"1063\" \/>\n\t<meta property=\"og:image:height\" content=\"1185\" \/>\n\t<meta property=\"og:image:type\" content=\"image\/jpeg\" \/>\n<meta name=\"twitter:card\" content=\"summary_large_image\" \/>\n<meta name=\"twitter:label1\" content=\"Gesch\u00e4tzte Lesezeit\" \/>\n\t<meta name=\"twitter:data1\" content=\"1\u00a0Minute\" \/>\n<script type=\"application\/ld+json\" class=\"yoast-schema-graph\">{\"@context\":\"https:\/\/schema.org\",\"@graph\":[{\"@type\":\"WebPage\",\"@id\":\"https:\/\/fsv-ottenbach.ch\/wordpress\/index.php\/bundesprogramme\/\",\"url\":\"https:\/\/fsv-ottenbach.ch\/wordpress\/index.php\/bundesprogramme\/\",\"name\":\"Bundesprogramme - Feldsch\u00fctzenverein Ottenbach\",\"isPartOf\":{\"@id\":\"https:\/\/fsv-ottenbach.ch\/wordpress\/#website\"},\"primaryImageOfPage\":{\"@id\":\"https:\/\/fsv-ottenbach.ch\/wordpress\/index.php\/bundesprogramme\/#primaryimage\"},\"image\":{\"@id\":\"https:\/\/fsv-ottenbach.ch\/wordpress\/index.php\/bundesprogramme\/#primaryimage\"},\"thumbnailUrl\":\"https:\/\/fsv-ottenbach.ch\/wordpress\/wp-content\/uploads\/2025\/05\/1000108100-150x150.jpg\",\"datePublished\":\"2025-08-28T12:20:38+00:00\",\"dateModified\":\"2026-01-07T18:39:30+00:00\",\"breadcrumb\":{\"@id\":\"https:\/\/fsv-ottenbach.ch\/wordpress\/index.php\/bundesprogramme\/#breadcrumb\"},\"inLanguage\":\"de-CH\",\"potentialAction\":[{\"@type\":\"ReadAction\",\"target\":[\"https:\/\/fsv-ottenbach.ch\/wordpress\/index.php\/bundesprogramme\/\"]}]},{\"@type\":\"ImageObject\",\"inLanguage\":\"de-CH\",\"@id\":\"https:\/\/fsv-ottenbach.ch\/wordpress\/index.php\/bundesprogramme\/#primaryimage\",\"url\":\"https:\/\/fsv-ottenbach.ch\/wordpress\/wp-content\/uploads\/2025\/05\/1000108100.jpg\",\"contentUrl\":\"https:\/\/fsv-ottenbach.ch\/wordpress\/wp-content\/uploads\/2025\/05\/1000108100.jpg\",\"width\":1063,\"height\":1185},{\"@type\":\"BreadcrumbList\",\"@id\":\"https:\/\/fsv-ottenbach.ch\/wordpress\/index.php\/bundesprogramme\/#breadcrumb\",\"itemListElement\":[{\"@type\":\"ListItem\",\"position\":1,\"name\":\"Startseite\",\"item\":\"https:\/\/fsv-ottenbach.ch\/wordpress\/\"},{\"@type\":\"ListItem\",\"position\":2,\"name\":\"Bundesprogramme\"}]},{\"@type\":\"WebSite\",\"@id\":\"https:\/\/fsv-ottenbach.ch\/wordpress\/#website\",\"url\":\"https:\/\/fsv-ottenbach.ch\/wordpress\/\",\"name\":\"Feldsch\u00fctzenverein Ottenbach\",\"description\":\"\",\"potentialAction\":[{\"@type\":\"SearchAction\",\"target\":{\"@type\":\"EntryPoint\",\"urlTemplate\":\"https:\/\/fsv-ottenbach.ch\/wordpress\/?s={search_term_string}\"},\"query-input\":{\"@type\":\"PropertyValueSpecification\",\"valueRequired\":true,\"valueName\":\"search_term_string\"}}],\"inLanguage\":\"de-CH\"}]}<\/script>\n<!-- \/ Yoast SEO plugin. -->","yoast_head_json":{"title":"Bundesprogramme - Feldsch\u00fctzenverein Ottenbach","robots":{"index":"index","follow":"follow","max-snippet":"max-snippet:-1","max-image-preview":"max-image-preview:large","max-video-preview":"max-video-preview:-1"},"canonical":"https:\/\/fsv-ottenbach.ch\/wordpress\/index.php\/bundesprogramme\/","og_locale":"de_DE","og_type":"article","og_title":"Bundesprogramme - Feldsch\u00fctzenverein Ottenbach","og_description":"Obligatorisches Die Obligatorischen Schiessen finden bei uns in diesem Jahr am 9.06.2026 und am 26.08.2026 von 18:00 bis 20:00 Uhr statt. Wer gerne davor ein&#8230;","og_url":"https:\/\/fsv-ottenbach.ch\/wordpress\/index.php\/bundesprogramme\/","og_site_name":"Feldsch\u00fctzenverein Ottenbach","article_modified_time":"2026-01-07T18:39:30+00:00","og_image":[{"width":1063,"height":1185,"url":"https:\/\/fsv-ottenbach.ch\/wordpress\/wp-content\/uploads\/2025\/05\/1000108100.jpg","type":"image\/jpeg"}],"twitter_card":"summary_large_image","twitter_misc":{"Gesch\u00e4tzte Lesezeit":"1\u00a0Minute"},"schema":{"@context":"https:\/\/schema.org","@graph":[{"@type":"WebPage","@id":"https:\/\/fsv-ottenbach.ch\/wordpress\/index.php\/bundesprogramme\/","url":"https:\/\/fsv-ottenbach.ch\/wordpress\/index.php\/bundesprogramme\/","name":"Bundesprogramme - Feldsch\u00fctzenverein Ottenbach","isPartOf":{"@id":"https:\/\/fsv-ottenbach.ch\/wordpress\/#website"},"primaryImageOfPage":{"@id":"https:\/\/fsv-ottenbach.ch\/wordpress\/index.php\/bundesprogramme\/#primaryimage"},"image":{"@id":"https:\/\/fsv-ottenbach.ch\/wordpress\/index.php\/bundesprogramme\/#primaryimage"},"thumbnailUrl":"https:\/\/fsv-ottenbach.ch\/wordpress\/wp-content\/uploads\/2025\/05\/1000108100-150x150.jpg","datePublished":"2025-08-28T12:20:38+00:00","dateModified":"2026-01-07T18:39:30+00:00","breadcrumb":{"@id":"https:\/\/fsv-ottenbach.ch\/wordpress\/index.php\/bundesprogramme\/#breadcrumb"},"inLanguage":"de-CH","potentialAction":[{"@type":"ReadAction","target":["https:\/\/fsv-ottenbach.ch\/wordpress\/index.php\/bundesprogramme\/"]}]},{"@type":"ImageObject","inLanguage":"de-CH","@id":"https:\/\/fsv-ottenbach.ch\/wordpress\/index.php\/bundesprogramme\/#primaryimage","url":"https:\/\/fsv-ottenbach.ch\/wordpress\/wp-content\/uploads\/2025\/05\/1000108100.jpg","contentUrl":"https:\/\/fsv-ottenbach.ch\/wordpress\/wp-content\/uploads\/2025\/05\/1000108100.jpg","width":1063,"height":1185},{"@type":"BreadcrumbList","@id":"https:\/\/fsv-ottenbach.ch\/wordpress\/index.php\/bundesprogramme\/#breadcrumb","itemListElement":[{"@type":"ListItem","position":1,"name":"Startseite","item":"https:\/\/fsv-ottenbach.ch\/wordpress\/"},{"@type":"ListItem","position":2,"name":"Bundesprogramme"}]},{"@type":"WebSite","@id":"https:\/\/fsv-ottenbach.ch\/wordpress\/#website","url":"https:\/\/fsv-ottenbach.ch\/wordpress\/","name":"Feldsch\u00fctzenverein Ottenbach","description":"","potentialAction":[{"@type":"SearchAction","target":{"@type":"EntryPoint","urlTemplate":"https:\/\/fsv-ottenbach.ch\/wordpress\/?s={search_term_string}"},"query-input":{"@type":"PropertyValueSpecification","valueRequired":true,"valueName":"search_term_string"}}],"inLanguage":"de-CH"}]}},"_links":{"self":[{"href":"https:\/\/fsv-ottenbach.ch\/wordpress\/index.php\/wp-json\/wp\/v2\/pages\/13","targetHints":{"allow":["GET"]}}],"collection":[{"href":"https:\/\/fsv-ottenbach.ch\/wordpress\/index.php\/wp-json\/wp\/v2\/pages"}],"about":[{"href":"https:\/\/fsv-ottenbach.ch\/wordpress\/index.php\/wp-json\/wp\/v2\/types\/page"}],"author":[{"embeddable":true,"href":"https:\/\/fsv-ottenbach.ch\/wordpress\/index.php\/wp-json\/wp\/v2\/users\/2"}],"replies":[{"embeddable":true,"href":"https:\/\/fsv-ottenbach.ch\/wordpress\/index.php\/wp-json\/wp\/v2\/comments?post=13"}],"version-history":[{"count":49,"href":"https:\/\/fsv-ottenbach.ch\/wordpress\/index.php\/wp-json\/wp\/v2\/pages\/13\/revisions"}],"predecessor-version":[{"id":470,"href":"https:\/\/fsv-ottenbach.ch\/wordpress\/index.php\/wp-json\/wp\/v2\/pages\/13\/revisions\/470"}],"wp:attachment":[{"href":"https:\/\/fsv-ottenbach.ch\/wordpress\/index.php\/wp-json\/wp\/v2\/media?parent=13"}],"curies":[{"name":"wp","href":"https:\/\/api.w.org\/{rel}","templated":true}]}}